2 - 3*z - 1. Let k be a(-2). Let i(x) = -13*x**2 + 902*x + 577. Let d be i(70). What is the greatest common divisor of d and k?
17
Suppose 5*z = 4*d + 41, -5*z - 5*d = -z. Suppose 3*j - 246 = -5*a - 76, -4*j + a = -196. Calculate the greatest common factor of j and z.
5
Suppose 3*x - 144 = 138. Let g = -16 - -21. Suppose 0 = -g*d + 4*m + x, 4*d - m - 35 - 38 = 0. Calculate the greatest common factor of 12 and d.
6
Let o = -473 + 875. Let q = o - 394. Calculate the highest common factor of q and 64.
8
Suppose 22*q + 25*q - 41600 = -33*q. Calculate the greatest common divisor of q and 680.
40
Let h(i) = -i**3 - 102*i**2 + 93*i - 989. Let d be h(-103). Let a(p) = 81*p**2 + 2*p - 1. Let x be a(1). What is the highest common factor of x and d?
41
Let c(p) = p**3 + 3*p**2 - 52*p + 178. Let f be c(4). What is the greatest common factor of f and 11603?
41
Suppose -v = -2, 80 = 4*g + 3*v - 7*v. Suppose 4*y = -3*l - y + 26, 0 = -l - 5*y + g. Calculate the greatest common factor of 2 and l.
2
Suppose 1062*y - 13122 = 1035*y. Calculate the highest common factor of 12 and y.
6
Let r = 47 + -185. Let k = 150 + r. Let m be (-434)/(-4) - 3/6. What is the greatest common factor of k and m?
12
Let y be -6*(-2)/(-5)*(-70)/3. Calculate the greatest common divisor of y and 532.
28
Let d = -3447 - -8270. Calculate the greatest common divisor of 91 and d.
91
Let k = -73 - -85. Let r(t) = 5*t**2 - 4*t. Let d(c) = c**2 + c + 1. Let o(s) = -3*d(s) + r(s). Let q be o(9). Calculate the greatest common divisor of q and k.
12
Let l(d) = -d**3 - 17*d**2 + 33*d - 27. Let p be l(-19). Suppose -16*j = j - p. What is the highest common divisor of j and 52?
4
Suppose -a + 2*d = 1, -1897*a + d - 46 = -1900*a. Let u be (-3 - -2)*2/2. Let i be 158/6 + u/3. What is the greatest common divisor of i and a?
13
Suppose 202*g - 196*g - 318 = 0. Suppose 21*r - g = 325. Calculate the highest common divisor of 9 and r.
9
Let k be ((-19557)/(-164) - 0) + (10/(-8) - -1). Calculate the highest common factor of k and 8449.
119
Let m(g) = g**3 + 17*g**2 - 3*g - 50. Let v be m(-17). Let k(w) = w**2 + 10*w + 22. Let s be k(-9). Calculate the highest common divisor of v and s.
1
Let o = 32480 + -8774. What is the highest common divisor of 54 and o?
54
Let v(r) = 23*r**2 - 27*r - 66. Let p be v(-5). What is the highest common divisor of p and 184?
92
Let z(u) = 2*u**2 + 2*u - 3. Suppose 17*w = 16*w - p, 3*w + 2*p + 3 = 0. Let c be z(w). Calculate the greatest common divisor of c and 171.
9
Let f = -324 + 334. Suppose 0 = -f*q + 131 - 31. Calculate the highest common factor of 230 and q.
10
Suppose -5*p - 188 = -5*a - 68, 0 = a - 4*p - 24. Calculate the highest common divisor of 2704 and a.
8
Let z(f) = f**2 + 12*f - 40. Let t be z(-15). Let g be 40/28*14/t. Calculate the greatest common factor of g and 64.
4
Let u be ((-2 - -1) + 2)/((-1)/(-229)). Let j = 55 - u. Let s = -102 - j. What is the greatest common divisor of s and 9?
9
Suppose 1694 = 17*a - 10*a. Let w = -1485 - -1507. What is the highest common factor of w and a?
22
Suppose -2*m + 18 = -2*h, -30 = -5*m + h + 3. Suppose -m*u + l = -5*u - 131, -u = 4*l - 116. Let p = -120 + u. What is the highest common divisor of 24 and p?
8
Suppose 2*m - 43 = -23. Let g be (8/m)/((-26)/(-2535)). What is the greatest common factor of g and 6?
6
Let p(v) = v**3 - 11*v**2 - 10*v - 22. Let l be p(12). Let r(t) = 6*t**l - 7*t - 2*t - 7*t**2. Let y be r(-8). What is the highest common factor of 40 and y?
8
Let w = 14750 + -14727. What is the greatest common divisor of 13800 and w?
23
Let y be (3 + 1)*(-138)/(-8). Suppose 6367*c - 5566 = 6345*c. What is the greatest common divisor of y and c?
23
Let n(c) = 232*c + 65. Let l be n(10). What is the greatest common divisor of 120 and l?
15
Suppose 0*d - 18 = -2*d + 4*c, 67 = 5*d + c. Let q(l) = -8*l**2 + 85*l - 26. Let i be q(9). Calculate the greatest common divisor of d and i.
13
Suppose 2599 = 5*i + 374. Suppose -i*p + 441*p = -168. Calculate the highest common divisor of 63 and p.
21
Let g(y) = 27*y + 1937. Let j be g(-71). What is the greatest common divisor of j and 388?
4
Let k be ((-738)/205)/(6/(-1450)). What is the highest common divisor of 90 and k?
30
Suppose -140*b - 28*b + 4129 - 1213 = -2628. Suppose 0*v + 71 = v. Let n = v - 38. Calculate the highest common factor of n and b.
33
Suppose 6*w - w - 105 = 0. Let t = 26 - w. Suppose 2*a + f - 247 = 0, t*a - 595 = -2*f + 4*f. Calculate the greatest common factor of a and 11.
11
Let f(p) = -179*p**2 - 909*p - 63. Let k be f(-5). Suppose s + 225 = 5*z - 1141, 544 = 2*z + 2*s. What is the greatest common divisor of k and z?
7
Suppose -55*o + 324496 + 46479 = 0. What is the greatest common divisor of 95 and o?
95
Let t(x) be the second derivative of -7*x**3/6 + 31*x**2 - 29*x. Let p be t(6). Calculate the highest common factor of p and 50.
10
Let y be ((-4)/(-60)*3 - 5026/(-70))/2. Let w = 53 + -35. Calculate the highest common factor of w and y.
18
Let k(m) = 8*m**2 - 6*m**2 + 2*m + 5*m**2. Let u be k(2). Suppose 15*x = x + 1120. Calculate the highest common divisor of x and u.
16
Let i(u) = -15 - 3*u**2 + 7 - 4*u + 48 + 8*u**2 + 17*u. Let p be i(-5). Calculate the highest common divisor of p and 75.
25
Let g(x) = 3*x**3 - x**2 + 5*x - 3. Let h be g(2). Let b be (195/h)/1 - 16/72. What is the highest common factor of 35 and b?
7
Let o = -383 - -488. Suppose 0 = 5*l - 2*j - o, l + 4*j - 105 = -4*l. What is the highest common divisor of 77 and l?
7
Suppose -7*n - 2*g - 4623 = -10*n, 3082 = 2*n - 5*g. Calculate the greatest common divisor of n and 23.
23
Let k = -2530 - -2534. Let m(y) = -2*y - 30. Let u be m(-19). Calculate the greatest common divisor of k and u.
4
Let a be 0 + -2 + -1 + -77. Suppose 4*y - 3*f = -187 - 304, -4*f - 484 = 4*y. Let j = a - y. Calculate the highest common divisor of j and 14.
14
Let h = -7 + 13. Let n(u) = 9*u - 27. Let y be n(4). Let t be y/(4 + (-244)/64). What is the greatest common factor of h and t?
6
Let p(h) = 2689*h**3 + 2*h**2 - 24*h + 21. Let i be p(1). Calculate the greatest common divisor of 14 and i.
14
Suppose -54*q - 188*q + 155260 = -1274718. What is the highest common divisor of 38 and q?
19
Suppose 0 = -2*d + 5*o, 0 = 4*d + 3*o - 46 + 20. What is the greatest common divisor of d and 395?
5
Let l be 1*(9 - (7 - 3)). Suppose v - 4*g - g = 145, 480 = 4*v + l*g. Suppose -m + 5*m - p - 203 = 0, -9 = 3*p. What is the greatest common divisor of m and v?
25
Let v be (0 - 0)*(-3 + 2). Let i = -1895 - -1908. Suppose v = -c + i. Calculate the greatest common divisor of 195 and c.
13
Suppose 15 = o + 5*j, 108*o = 103*o + 5*j + 135. What is the highest common divisor of 255 and o?
5
Suppose 0 = -195*v + 200*v - 10*f - 2060, 0 = 4*v + 2*f - 1678. Calculate the highest common factor of 66 and v.
22
Let h = -82 - -87. Suppose 3*j = 6*w - w - 107, h*j + w = -169. Let v = 94 + j. What is the highest common divisor of v and 45?
15
Let j be (-3)/((-9)/24) - (12 + -13). Let n be j*((-952)/24)/(-7). What is the highest common factor of 68 and n?
17
Let u = 5372 + -5369. Let f(b) = -b**2 + 81. Let v be f(0). What is the greatest common factor of v and u?
3
Let h be (2 - 1/(-7))/((-2)/(-14)). Let p be (95 - 10/2)/(3/4). Calculate the highest common factor of p and h.
15
Suppose 6 = -12*p + 54. Let t be 0/p + 55 - (4 + -9). Calculate the greatest common factor of 6 and t.
6
Let p be ((-812)/(-10))/((-69)/(-25185)). What is the highest common divisor of 73 and p?
73
Suppose 0 = 5*w - 14 - 1. Let o(k) = -k + 2. Let v(c) = -11*c - 1. Let n(q) = -3*o(q) - v(q). Let h be n(w). What is the greatest common divisor of 37 and h?
37
Let t be ((-9)/63 + 1)/(3/168). What is the greatest common divisor of t and 1360?
16
Let d = 1222 + -1156. Calculate the highest common divisor of d and 3729.
33
Let d(a) = 11*a - 52. Suppose 3*g = -5*q + 4*g - 6, g = -q - 6. Let v be ((-9)/(4 + 5))/(q/16). Let s be d(v). What is the greatest common factor of 24 and s?
12
Let n be -578*(1 - (-17 + 26)). What is the highest common factor of 48 and n?
16
Let i(q) = q**3 + 6*q**2 + 9*q + 10. Let s be i(-5). Let v be ((-75)/s + -3)*2. Let b be (-1 + (-129)/(-9))*v. What is the greatest common divisor of 48 and b?
24
Let z = 439 + -127. Suppose z = 2*y - 4*d, -7*d + 